{"id":1763,"date":"2019-09-22T15:14:55","date_gmt":"2019-09-22T13:14:55","guid":{"rendered":"https:\/\/www.tuvisitaguiada.com\/prueba\/?page_id=1763"},"modified":"2021-04-02T20:11:09","modified_gmt":"2021-04-02T18:11:09","slug":"aviso-legal","status":"publish","type":"page","link":"https:\/\/tuvisitaguiada.com\/prueba\/aviso-legal\/","title":{"rendered":"Aviso legal"},"content":{"rendered":"\n<h3 class=\"wp-block-heading\"><strong>1.- OBJETO Y ACEPTACI\u00d3N<\/strong><\/h3>\n\n\n\n<p>El presente aviso legal regula el uso del sitio web <a href=\"http:\/\/www.tuvisitaguiada.com\/blog\/\">http:\/\/www.tuvisitaguiada.com\/blog\/<\/a> (en adelante, LA WEB), del que es titular Neuron 5 H.T S.L (en adelante, EL PROPIETARIO DE  LA WEB).<\/p>\n\n\n\n<p>La navegaci\u00f3n por el sitio web de EL PROPIETARIO DE LA WEB atribuye la condici\u00f3n de usuario del mismo e implica la aceptaci\u00f3n plena y sin reservas de todas y cada una de las disposiciones incluidas en este Aviso Legal, que pueden sufrir modificaciones.<\/p>\n\n\n\n<p>El usuario  se obliga a hacer un uso correcto del sitio web de conformidad con las leyes, la buena fe, el orden p\u00fablico, los usos del tr\u00e1fico y el presente Aviso Legal. El usuario responder\u00e1 frente a EL PROPIETARIO DE LA WEB o frente a terceros, de cualesquiera da\u00f1os y perjuicios que pudieran causarse como consecuencia del incumplimiento de dicha  obligaci\u00f3n.<\/p>\n\n\n\n<h3 class=\"wp-block-heading\"><strong>2.- IDENTIFICACI\u00d3N Y COMUNICACIONES<\/strong><\/h3>\n\n\n\n<p>EL  PROPIETARIO DE LA WEB, en cumplimiento de la Ley 34\/2002, de 11 de  julio, de servicios de la sociedad de la informaci\u00f3n y de comercio  electr\u00f3nico, le informa de que: Su denominaci\u00f3n social es: Neuron 5 H.T S.L Su NIF es: B87402798 Su domicilio social est\u00e1 en: Calle Arg\u00fceso 26, 28025, Madrid.<\/p>\n\n\n\n<p>Para comunicarse con nosotros, ponemos a su disposici\u00f3n diferentes medios de contacto que detallamos a continuaci\u00f3n: <a href=\"https:\/\/www.tuvisitaguiada.com\/blog\/pagina-de-contacto\/\">p\u00e1gina de contacto<\/a>.  Todas las notificaciones y  comunicaciones entre los usuarios y EL  PROPIETARIO DE LA WEB se considerar\u00e1n eficaces, a todos los efectos, cuando se realicen a trav\u00e9s de correo postal o cualquier otro medio de  los detallados anteriormente.<\/p>\n\n\n\n<h3 class=\"wp-block-heading\"><strong>3.- CONDICIONES DE ACCESO Y UTILIZACI\u00d3N<\/strong><\/h3>\n\n\n\n<p>El  sitio web y sus servicios son de acceso libre y gratuito, no obstante, EL PROPIETARIO DE LA WEB condiciona la utilizaci\u00f3n de algunos de los  servicios ofrecidos en su web a la previa cumplimentaci\u00f3n del correspondiente formulario. El usuario garantiza la autenticidad y actualidad de todos aquellos datos que comunique a EL PROPIETARIO DE LA WEB y  ser\u00e1 el \u00fanico responsable de las manifestaciones falsas o inexactas que realice. El usuario se compromete expresamente a hacer un uso adecuado de los contenidos y servicios de EL PROPIETARIO DE LA WEB y a no emplearlos para, entre otros:<\/p>\n\n\n\n<p>a) Difundir contenidos, delictivos, violentos, pornogr\u00e1ficos, racistas, xen\u00f3fobo, ofensivos, de apolog\u00eda del terrorismo o, en general, contrarios a la ley o al orden p\u00fablico.<\/p>\n\n\n\n<p>b)  Introducir en la red virus inform\u00e1ticos o realizar actuaciones susceptibles de alterar, estropear, interrumpir o generar errores o da\u00f1os en los documentos electr\u00f3nicos, datos o sistemas f\u00edsicos y l\u00f3gicos de EL PROPIETARIO DE LA WEB o de terceras personas; as\u00ed como obstaculizar el acceso de otros usuarios al sitio web y a sus servicios mediante el consumo masivo de los recursos inform\u00e1ticos a trav\u00e9s de los cuales EL PROPIETARIO DE LA WEB presta sus servicios.<\/p>\n\n\n\n<p>c) Intentar acceder a las cuentas de correo electr\u00f3nico de otros usuarios o a \u00e1reas  restringidas de los sistemas inform\u00e1ticos de EL PROPIETARIO DE LA WEB o de terceros y, en su caso, extraer informaci\u00f3n.<\/p>\n\n\n\n<p>d) Vulnerar los derechos de propiedad intelectual o industrial, as\u00ed como violar la  confidencialidad de la informaci\u00f3n de EL PROPIETARIO DE LA WEB o de terceros.<\/p>\n\n\n\n<p>e) Suplantar la identidad de otro usuario, de las administracion es p\u00fablicas o de un tercero.<\/p>\n\n\n\n<p>f)  Reproducir, copiar, distribu ir, poner a disposici\u00f3n o de cualquier otra forma comunicar p\u00fablicamente, transformar o modificar los contenidos, a menos que se cuente con la autorizaci\u00f3n del titular de los corres pondientes derechos o ello resulte legalmente permitido.<\/p>\n\n\n\n<p>g)  Recabar datos con finalidad publicitaria y de remitir publicidad de cualquier clase y comunicaciones con fines de venta u otras de naturaleza comercial sin que medie su previa solicitud o consentimiento.<\/p>\n\n\n\n<p>Todos los contenidos del sitio web, como textos, fotograf\u00edas, gr\u00e1ficos,  im\u00e1genes, iconos, tecnolog\u00eda, software, as\u00ed como su dise\u00f1o gr\u00e1fico y  c\u00f3digos fuente, constituyen una obra cuya propiedad pertenece a EL PROPIETARIO DE LA WEB, sin que puedan entenderse cedidos al usuario ninguno de los derechos de explotaci\u00f3n sobre los mismos m\u00e1s all\u00e1 de lo  estrictamente necesa rio para el correcto uso de la web.<\/p>\n\n\n\n<p>En  definitiva, los usuarios que accedan a este sitio web pueden visualizar  los contenidos y efectuar, en su caso, copias privadas autorizadas  siempre que los elementos reproducidos no sean cedidos posteriormente a  terceros, ni se instalen a servidores conectados a redes, ni sean objeto de ning\u00fan tipo de explotaci\u00f3n.<\/p>\n\n\n\n<p>Asimismo, todas las marcas, nombres comerciales o signos distintivos de cualquier clase que aparecen en el sitio web son propiedad de EL PROPIETARIO DE LA WEB, sin que pueda entenderse que el uso o acceso al mismo atribuya al usuario derecho alguno sobre los mismos.<\/p>\n\n\n\n<p>La distribuci\u00f3n, modificaci\u00f3n, cesi\u00f3n o comunicaci\u00f3n p\u00fablica de los contenidos y cualquier otro acto que no haya sido expresamente autorizado por el titular de los derechos  de explotaci\u00f3n quedan prohibidos.<\/p>\n\n\n\n<p>El establecimiento de un hiperenlace no implica en ning\u00fan caso la existencia de relaciones entre EL PROPIETARIO DE LA WEB y el propietario del sitio web en la que se establezca, ni la aceptaci\u00f3n y aprobaci\u00f3n por parte de EL PROPIETARIO DE LA WEB de sus contenidos o servicios. Aquellas personas que se propongan establecer un hiperenlace previamente deber\u00e1n solicitar autorizaci\u00f3n por escrito a EL PROPIETARIO DE LA WEB. En todo caso, el  hiperenlace \u00fanicamente permitir\u00e1 el acceso a la home-page o p\u00e1gina de inicio de nuestro sitio web, asimismo deber\u00e1 abstenerse de realizar manifestaciones o indicaciones falsas, inexactas o incorrectas sobre EL PROPIETARIO DE LA WEB, o incluir contenidos il\u00edcitos, contrarios a las buenas costumbres y al orden p\u00fablico.<\/p>\n\n\n\n<p>EL PROPIETARIO DE LA WEB no se responsabiliza del uso que cada usuario le d\u00e9 a los materiales  puestos a disposici\u00f3n en este sitio web ni de las actuaciones que  realice en base a los mismos.<\/p>\n\n\n\n<h3 class=\"wp-block-heading\"><strong>4.- EXCLUSI\u00d3N DE GARANT\u00cdAS Y DE RESPONSABILIDAD<\/strong><\/h3>\n\n\n\n<p>El  contenido del presente sitio web es de car\u00e1cter general y tiene una finalidad meramente informativa, sin que se garantice plenamente el acceso a todos los contenidos, ni su exhaustividad, correcci\u00f3n, vigencia o actualidad, ni su idoneidad o utilidad para un objetivo espec\u00edfico.<\/p>\n\n\n\n<p>EL PROPIETARIO DE LA WEB excluye, hasta donde permite el ordenamiento jur\u00eddico, cualquier responsabilidad por los da\u00f1os y perjuicios de toda naturaleza derivados de:<\/p>\n\n\n\n<p>a) La imposibilidad de acceso al sitio web o la falta de veracidad, exactitud, exhaustividad y\/o actualidad de los contenidos, as\u00ed como la existencia de vicios y defectos de toda clase de los contenidos transmitidos, difundidos, almacenados, puestos a disposici\u00f3n a los que se haya accedido a trav\u00e9s del sitio web o de los servicios que se ofrecen.<\/p>\n\n\n\n<p>b) La presencia de virus o de otros elementos en los contenidos que puedan producir alteraciones en los sistemas inform\u00e1ticos, documentos electr\u00f3nicos o datos de los usuarios.<\/p>\n\n\n\n<p>c)  El incumplimiento de las leyes, la buena fe, el orden p\u00fablico, los usos del tr\u00e1fico y el presente aviso legal como consecuencia del uso incorrecto del sitio web. En particular, y a modo ejemplificativo, EL PROPIETARIO DE LA WEB no se hace responsable de las actuaciones de terceros que vulneren derechos de propiedad intelectual e industrial,  secretos empresariales, derechos al honor, a la intimidad personal y familiar y a la propia imagen, as\u00ed como la normativa en materia de competencia desleal y publicidad il\u00edcita.<\/p>\n\n\n\n<p>Asimismo, EL PROPIETARIO DE LA WEB declina cualquier responsabilidad respecto a la informaci\u00f3n que se halle fuera de esta web y no sea gestionada directamente por nuestro webmaster. La funci\u00f3n de los links que aparecen en esta web es exclusivamente la de informar al usuario sobre la existencia de otras fuentes susceptibles de ampliar los contenidos que ofrece este sitio web. EL PROPIETARIO DE LA WEB no garantiza ni se responsabiliza del funcionamiento o accesibilidad de los sitios enlazados; ni sugiere, invita o recomienda la visita a los mismos, por lo que tampoco ser\u00e1 responsable del resultado obtenido. EL PROPIETARIO DE LA WEB no se responsabiliza del establecimiento de hiperv\u00ednculos por parte de terceros.<\/p>\n\n\n\n<h3 class=\"wp-block-heading\"><strong>5.- POL\u00cdTICA DE PRIVACIDAD<\/strong><\/h3>\n\n\n\n<p>Cuando precisemos obtener informaci\u00f3n por su parte, siempre\nle solicitaremos que nos la proporcione voluntariamente de forma expresa. Los\ndatos recabados a trav\u00e9s de los formularios de recogida de datos del sitio web\nu otras v\u00edas ser\u00e1n incorporados a un fichero de datos de car\u00e1cter personal\ndebidamente inscrito en el Registro General de Protecci\u00f3n de Datos de la\nAgencia Espa\u00f1ol a de Protecci\u00f3n de Datos, del cual es responsable EL\nPROPIETARIO DE LA WEB. Esta entidad tratar\u00e1 los datos de forma confidencial y\nexclusivamente con la finalidad de ofrecer los servicios solicitados, con todas\nlas garant\u00edas legales y de seguridad que impone la Ley Org\u00e1nica 15\/1999, de 13\nde diciembre, de Protecci\u00f3n de Datos de Car\u00e1cter Personal, el Real Decreto\n1720\/2007, de 21 de diciembre y la Ley 34\/2002, de 11 de ju lio, de Servicios\nde la Sociedad de la Informaci\u00f3n y Comercio Electr\u00f3nico.<\/p>\n\n\n\n<p>EL PROPIETARIO DE LA WEB se compromete a no ceder, vender,\nni compartir los datos con terceros sin su aprobaci\u00f3n expresa.<\/p>\n\n\n\n<p>Asimismo, EL PROPIETARIO DE LA WEB cancelar\u00e1 o rectificar\u00e1\nlos datos cuando resulten inexactos, incompletos o hayan dejado de ser\nnecesarios o pertinente s para su finalidad, de conformidad con lo previsto en\nla Ley Org\u00e1nica 15\/1999, de 13 de diciembre, de Protecci\u00f3n de Datos de Car\u00e1cter\nPersonal.<\/p>\n\n\n\n<p>El usuario podr\u00e1 revocar el consentimiento prestado y\nejercer los derechos de acceso, rectificaci\u00f3n, cancelaci\u00f3n y oposici\u00f3n dirigi\u00e9ndose\na tal efecto al domicilio social de EL PROPIETARIO DE LA WEB, identific\u00e1ndose\ndebidamente e indicando de forma visible el concreto derecho que se ejerce.<\/p>\n\n\n\n<p>EL PROPIETARIO DE LA WEB adopta los niveles de seguridad\ncorrespondientes requeridos por la citada Ley Org\u00e1nica 15\/1999 y dem\u00e1s\nnormativa aplicable. No obstante, no asume ninguna responsabilidad por los\nda\u00f1os y perjuicios derivados de alteraciones que terceros pueden causar en los\nsistemas inform\u00e1ticos, documentos electr\u00f3nicos o ficheros del usuario.<\/p>\n\n\n\n<p>EL PROPIETARIO DE LA WEB podr\u00e1 utilizar cookies durante la\nprestaci\u00f3n de servicios del sitio web. Las cookies son ficheros f\u00edsicos de\ninformaci\u00f3n personal alojados en el propio terminal del usuario. El usuario\ntiene la posibilidad de configurar su programa navegador de manera que se\nimpida la creaci\u00f3n de archivos cookie o se advierta de la misma.<\/p>\n\n\n\n<p>Si opta a abandonar nuestro sitio web a trav\u00e9s de enlaces a\nsitios web no pertenecientes a nuestra entidad, EL PROPIETARIO DE LA WEB no se\nhar\u00e1 responsable de las pol\u00edticas de privacidad de dichos sitios web ni de las\ncookies que \u00e9stos puedan almacenar en el ordenador del usuario.<\/p>\n\n\n\n<p>Esta p\u00e1gina web utiliza Google Analytics, un servicio\nanal\u00edtico de web prestado por Google, Inc., una compa\u00f1\u00eda de Delaware cuya\noficina principal est\u00e1 en 1600 Amphitheatre Parkway, Mountain View\n(California), CA 94043, Estados Unidos (\u201cGoogle\u201d).<\/p>\n\n\n\n<p>Google Analytics utiliza \u201ccookies\u201d, que son archivos de\ntexto ubicados en su ordenador, para ayudar al website a analizar el uso que\nhacen los usuarios del sitio web. La informaci\u00f3n que genera la cookie acerca de\nsu uso del website (incluyendo su direcci\u00f3n IP) ser\u00e1 directamente transmitida y\narchivad a por Google en los servidores de Estados Unidos.<\/p>\n\n\n\n<p>Google usar\u00e1 esta informaci\u00f3n por cuenta nuestra con el\nprop\u00f3sito de seguir la pista de su uso del website, recopilando informes de la\nactividad del website y prestando otros servicios relacionados con la actividad\ndel website y el uso de Internet.<\/p>\n\n\n\n<p>Google podr\u00e1 transmitir dicha informaci\u00f3n a terceros cuando\nas\u00ed se lo requiera la legislaci\u00f3n, o cuando dichos terceros procesen la\ninformaci\u00f3n por cuenta de Google. Google no asociar\u00e1 su direcci\u00f3n IP con ning\u00fan\notro dato del que disponga Google.<\/p>\n\n\n\n<p>Puede Usted rechazar el tratamiento de los datos o la\ninformaci\u00f3n rechazando el uso de cookies mediante la selecci\u00f3n de la configuraci\u00f3n\napropiada de su navegador, sin embargo, debe Usted saber que si lo hace puede\nser que no pueda usar la plena funcionabilidad de este website. Al utilizar\neste website Usted consiente el tratamiento de informaci\u00f3n acerca de Usted por\nGoogle en la forma y para los fines arriba indicados.<\/p>\n\n\n\n<p>Nuestra pol\u00edtica con respecto al correo electr\u00f3nico se centra\nen remitir \u00fanicamente comunicaciones que usted haya solicitado recibir.<\/p>\n\n\n\n<p>Si prefiere no recibir estos mensajes por correo electr\u00f3nico\nle ofreceremos a trav\u00e9s de los mismos la posibilidad de ejercer su derecho de\ncancelaci\u00f3n y renuncia a la recepci\u00f3n de estos mensajes, en conformidad con lo\ndispuesto en el T\u00edtulo III, art\u00edculo 22 de la Ley 34\/2002 de Servicios para la\nSociedad de la Informaci\u00f3n y de Comercio Electr\u00f3nico.<\/p>\n\n\n\n<h3 class=\"wp-block-heading\"><strong>6.- PROCEDIMIENTO EN CASO DE REALIZACI\u00d3N DE ACTIVIDADES DE CAR\u00c1CTER IL\u00cdCITO<\/strong><\/h3>\n\n\n\n<p>En el caso de que cualquier usuario o un tercero considere que existen hechos o circunstancias que revelen el car\u00e1cter il\u00edcito de la utilizaci\u00f3n de cualquier contenido y\/o de la realizaci\u00f3n de cualquier actividad en las p\u00e1gina s web incluidas o accesibles a trav\u00e9s del sitio web, deber\u00e1 enviar una notificaci\u00f3n a EL PROPIETARIO DE LA WEB identific\u00e1ndose debidamente, especificando las supuestas infracciones y declarando expresamente y bajo su responsabilidad que la informaci\u00f3n proporcionada en la notificaci\u00f3n es exacta.<\/p>\n\n\n\n<p>Para toda cuesti\u00f3n litigiosa que incumba al sitio web de EL PROPIETARIO DE LA WEB, ser\u00e1 de aplicaci\u00f3n la legislaci\u00f3n espa\u00f1ola, siendo competentes los Juzgados y Tribunales de Espa\u00f1a.<\/p>\n\n\n\n<h3 class=\"wp-block-heading\"><strong>7.- PUBLICACIONES<\/strong><\/h3>\n\n\n\n<p>La informaci\u00f3n administrativa facilitada a trav\u00e9s del sitio web no sustituye la publicidad legal de las leyes, normativas, planes, disposiciones generales y actos que tengan que ser publicados formalmente a los diarios oficiales de las administraciones p\u00fablicas, que constituyen el \u00fanico instrumento que da fe de su autenticidad y contenido. La informaci\u00f3n disponible en este sitio web debe entenderse como una gu\u00eda sin prop\u00f3sito de validez legal.<\/p>\n\n\n\n<p>Fuente: http:\/\/onelifemanydreams.com\/modelo-aviso-legal-politica-cookies\/<\/p>\n\n\n\n<h2 class=\"wp-block-heading\">M\u00e1s informaci\u00f3n<\/h2>\n\n\n\n<p>Si <g class=\"gr_ gr_41 gr-alert gr_spell gr_inline_cards gr_run_anim ContextualSpelling ins-del multiReplace\" id=\"41\" data-gr-id=\"41\">quieres<\/g> saber m\u00e1s <g class=\"gr_ gr_42 gr-alert gr_spell gr_inline_cards gr_run_anim ContextualSpelling ins-del multiReplace\" id=\"42\" data-gr-id=\"42\">puedes<\/g> <g class=\"gr_ gr_43 gr-alert gr_spell gr_inline_cards gr_run_anim ContextualSpelling\" id=\"43\" data-gr-id=\"43\">visitar<\/g>:<\/p>\n\n\n\n<ul class=\"wp-block-list\"><li><a href=\"https:\/\/tuvisitaguiada.com\/prueba\/politica-cookies\/\" target=\"_blank\" rel=\"noreferrer noopener\" aria-label=\" (se abre en una nueva pesta\u00f1a)\">Pol\u00edtica de Cookies<\/a><\/li><\/ul>\n\n\n\n<ul class=\"wp-block-list\"><li><a rel=\"noreferrer noopener\" aria-label=\"Pol\u00edtica de Privacidad (abre en una nueva pesta\u00f1a)\" href=\"https:\/\/tuvisitaguiada.com\/prueba\/politica-de-privacidad\/\" target=\"_blank\">Pol\u00edtica de Privacidad<\/a><\/li><\/ul>\n\n\n\n<ul class=\"wp-block-list\"><li><a href=\"https:\/\/tuvisitaguiada.com\/prueba\/condiciones-generales-de-uso\/\" target=\"_blank\" rel=\"noreferrer noopener\" aria-label=\" (se abre en una nueva pesta\u00f1a)\">Condiciones Generales de Uso<\/a><\/li><\/ul>\n\n\n\n<p><\/p>\n","protected":false},"excerpt":{"rendered":"<p>1.- OBJETO Y ACEPTACI\u00d3N El presente aviso legal regula el uso del sitio web http:\/\/www.tuvisitaguiada.com\/blog\/ (en adelante, LA WEB), del que es titular Neuron 5 H.T S.L (en adelante, EL PROPIETARIO DE LA WEB). La navegaci\u00f3n por el sitio web de EL PROPIETARIO DE LA WEB atribuye la condici\u00f3n de usuario del mismo e implica [&hellip;]<\/p>\n","protected":false},"author":1,"featured_media":0,"parent":0,"menu_order":0,"comment_status":"closed","ping_status":"closed","template":"","meta":{"footnotes":""},"class_list":["post-1763","page","type-page","status-publish"],"_links":{"self":[{"href":"https:\/\/tuvisitaguiada.com\/prueba\/wp-json\/wp\/v2\/pages\/1763","targetHints":{"allow":["GET"]}}],"collection":[{"href":"https:\/\/tuvisitaguiada.com\/prueba\/wp-json\/wp\/v2\/pages"}],"about":[{"href":"https:\/\/tuvisitaguiada.com\/prueba\/wp-json\/wp\/v2\/types\/page"}],"author":[{"embeddable":true,"href":"https:\/\/tuvisitaguiada.com\/prueba\/wp-json\/wp\/v2\/users\/1"}],"replies":[{"embeddable":true,"href":"https:\/\/tuvisitaguiada.com\/prueba\/wp-json\/wp\/v2\/comments?post=1763"}],"version-history":[{"count":9,"href":"https:\/\/tuvisitaguiada.com\/prueba\/wp-json\/wp\/v2\/pages\/1763\/revisions"}],"predecessor-version":[{"id":6017,"href":"https:\/\/tuvisitaguiada.com\/prueba\/wp-json\/wp\/v2\/pages\/1763\/revisions\/6017"}],"wp:attachment":[{"href":"https:\/\/tuvisitaguiada.com\/prueba\/wp-json\/wp\/v2\/media?parent=1763"}],"curies":[{"name":"wp","href":"https:\/\/api.w.org\/{rel}","templated":true}]}}